{"id":384,"date":"2023-11-04T10:18:31","date_gmt":"2023-11-04T09:18:31","guid":{"rendered":"http:\/\/wheelcome.net\/?page_id=384"},"modified":"2025-12-13T10:47:42","modified_gmt":"2025-12-13T09:47:42","slug":"tous-les-articles","status":"publish","type":"page","link":"https:\/\/wheelcome.net\/index.php\/tous-les-articles\/","title":{"rendered":"Tous les articles"},"content":{"rendered":"<ul class=\"wp-block-latest-posts__list wp-block-latest-posts\"><li><a class=\"wp-block-latest-posts__post-title\" href=\"https:\/\/wheelcome.net\/index.php\/2026\/04\/06\/ne-dites-pas-a-ma-mere-bientot-au-theatre\/\">\u00ab\u00a0Ne dites pas \u00e0 ma m\u00e8re&#8230;\u00a0\u00bb bient\u00f4t au th\u00e9\u00e2tre!<\/a><\/li>\n<li><a class=\"wp-block-latest-posts__post-title\" href=\"https:\/\/wheelcome.net\/index.php\/2026\/04\/06\/table-ronde-ia-et-handicap-jusquou-aller-sans-deresponsabiliser-la-societe\/\">Table-ronde IA et handicap : jusqu&rsquo;o\u00f9 aller sans d\u00e9responsabiliser la soci\u00e9t\u00e9 ?<\/a><\/li>\n<li><a class=\"wp-block-latest-posts__post-title\" href=\"https:\/\/wheelcome.net\/index.php\/2026\/03\/21\/pas-de-peau-la-bouillotte-qui-explose\/\">Pas de peau &#8211; La bouillotte qui explose<\/a><\/li>\n<li><a class=\"wp-block-latest-posts__post-title\" href=\"https:\/\/wheelcome.net\/index.php\/2026\/03\/21\/une-pepite-au-theatre-voltige-de-dorine-bourneton\/\">Une p\u00e9pite au th\u00e9\u00e2tre : Voltige de Dorine Bourneton.<\/a><\/li>\n<li><a class=\"wp-block-latest-posts__post-title\" href=\"https:\/\/wheelcome.net\/index.php\/2026\/03\/19\/walid-le-valide-e07-handicapes-en-politique-le-grand-bug-democratique\/\">Walid le valide &#8211; E07 &#8211; Handicap\u00e9s en politique, le grand bug d\u00e9mocratique<\/a><\/li>\n<li><a class=\"wp-block-latest-posts__post-title\" href=\"https:\/\/wheelcome.net\/index.php\/2026\/02\/13\/chronique-och-assistant-a-quatre-pattes\/\">Chronique OCH &#8211; Assistant \u00e0 quatre pattes<\/a><\/li>\n<li><a class=\"wp-block-latest-posts__post-title\" href=\"https:\/\/wheelcome.net\/index.php\/2026\/02\/09\/podcast-trench-tech-sur-linnovation-et-laccessibilite\/\">PODCAST \u00ab\u00a0Trench Tech\u00a0\u00bb sur l\u2019innovation et l&rsquo;accessibilit\u00e9<\/a><\/li>\n<li><a class=\"wp-block-latest-posts__post-title\" href=\"https:\/\/wheelcome.net\/index.php\/2026\/01\/06\/pourquoi-jai-decide-de-quitter-les-reseaux-sociaux\/\">Pourquoi j\u2019ai d\u00e9cid\u00e9 de quitter les r\u00e9seaux sociaux ?<\/a><\/li>\n<li><a class=\"wp-block-latest-posts__post-title\" href=\"https:\/\/wheelcome.net\/index.php\/2025\/12\/13\/walid-le-valide-e06-comment-rendre-son-entreprise-inclusive-sans-presque-rien-changer\/\">Walid le valide &#8211; E06 &#8211; Comment rendre son entreprise inclusive sans presque rien changer.<\/a><\/li>\n<li><a class=\"wp-block-latest-posts__post-title\" href=\"https:\/\/wheelcome.net\/index.php\/2025\/12\/06\/nouveau-chien-dassistance-les-gestes-que-vous-pouvez-eviter\/\">Nouveau chien d\u2019assistance &#8211; Les gestes que vous pouvez \u00e9viter<\/a><\/li>\n<li><a class=\"wp-block-latest-posts__post-title\" href=\"https:\/\/wheelcome.net\/index.php\/2025\/10\/29\/walid-le-valide-e05-tellement-inspirant\/\">Walid le valide &#8211; E05 &#8211; \u00ab\u00a0Tellement inspirant !\u00a0\u00bb<\/a><\/li>\n<li><a class=\"wp-block-latest-posts__post-title\" href=\"https:\/\/wheelcome.net\/index.php\/2025\/10\/27\/laudioguide-qui-change-tout-sur-accessibilite\/\">L&rsquo;audioguide qui change tout sur accessibilit\u00e9<\/a><\/li>\n<li><a class=\"wp-block-latest-posts__post-title\" href=\"https:\/\/wheelcome.net\/index.php\/2025\/10\/22\/une-victoire-politique-dont-je-ne-suis-pas-peu-fiere\/\">Une victoire politique dont je ne suis pas peu fi\u00e8re<\/a><\/li>\n<li><a class=\"wp-block-latest-posts__post-title\" href=\"https:\/\/wheelcome.net\/index.php\/2025\/09\/12\/le-handicap-na-pas-besoin-dun-ministere-mais-dune-politique\/\">Le handicap n\u2019a pas besoin d\u2019un minist\u00e8re, mais d\u2019une politique.<\/a><\/li>\n<li><a class=\"wp-block-latest-posts__post-title\" href=\"https:\/\/wheelcome.net\/index.php\/2025\/09\/06\/walid-le-valide-episode-4\/\">Walid le valide \u2013 Episode 4<\/a><\/li>\n<li><a class=\"wp-block-latest-posts__post-title\" href=\"https:\/\/wheelcome.net\/index.php\/2025\/09\/04\/allo-les-pompiers\/\">Allo les pompiers<\/a><\/li>\n<li><a class=\"wp-block-latest-posts__post-title\" href=\"https:\/\/wheelcome.net\/index.php\/2025\/08\/26\/et-si-leconomie-sinteressait-a-laccessibilite\/\">Et si l&rsquo;\u00e9conomie s&rsquo;int\u00e9ressait \u00e0 l&rsquo;accessibilit\u00e9 ?<\/a><\/li>\n<li><a class=\"wp-block-latest-posts__post-title\" href=\"https:\/\/wheelcome.net\/index.php\/2025\/08\/07\/la-bonne-surprise-des-vacances\/\">La bonne surprise des vacances<\/a><\/li>\n<li><a class=\"wp-block-latest-posts__post-title\" href=\"https:\/\/wheelcome.net\/index.php\/2025\/07\/26\/walid-le-valide-episode-3\/\">Walid le valide &#8211; Episode 3<\/a><\/li>\n<li><a class=\"wp-block-latest-posts__post-title\" href=\"https:\/\/wheelcome.net\/index.php\/2025\/07\/12\/walid-le-valide-episode-2\/\">Walid le valide &#8211; \u00c9pisode 2<\/a><\/li>\n<li><a class=\"wp-block-latest-posts__post-title\" href=\"https:\/\/wheelcome.net\/index.php\/2025\/07\/07\/walid-le-valide\/\">Walid le valide<\/a><\/li>\n<li><a class=\"wp-block-latest-posts__post-title\" href=\"https:\/\/wheelcome.net\/index.php\/2025\/05\/17\/fin-de-vie-non-merci\/\">Fin de vie, non merci<\/a><\/li>\n<li><a class=\"wp-block-latest-posts__post-title\" href=\"https:\/\/wheelcome.net\/index.php\/2025\/04\/15\/les-pires-images-pour-illustrer-le-handicap\/\">Les pires images pour illustrer le handicap<\/a><\/li>\n<li><a class=\"wp-block-latest-posts__post-title\" href=\"https:\/\/wheelcome.net\/index.php\/2025\/02\/08\/y-a-t-il-quelquun-qui-comprend-la-reforme-des-fauteuils\/\">Y a-t-il quelqu&rsquo;un qui comprend la r\u00e9forme des fauteuils ?<\/a><\/li>\n<li><a class=\"wp-block-latest-posts__post-title\" href=\"https:\/\/wheelcome.net\/index.php\/2025\/01\/22\/il-invente-une-solution-geniale-pour-ouvrir-ma-porte\/\">Il invente une solution g\u00e9niale pour ouvrir ma porte<\/a><\/li>\n<li><a class=\"wp-block-latest-posts__post-title\" href=\"https:\/\/wheelcome.net\/index.php\/2025\/01\/05\/lage-de-la-retraite-a-sonne\/\">L&rsquo;\u00e2ge de la retraite a sonn\u00e9<\/a><\/li>\n<li><a class=\"wp-block-latest-posts__post-title\" href=\"https:\/\/wheelcome.net\/index.php\/2024\/10\/23\/10-ans-dentrepreneuriat\/\">10 ans d&rsquo;entrepreneuriat \ud83c\udf82\ud83e\udd4a<\/a><\/li>\n<li><a class=\"wp-block-latest-posts__post-title\" href=\"https:\/\/wheelcome.net\/index.php\/2024\/09\/30\/emmenez-moi-au-bout-de-la-terre-mais-je-vous-previens-cest-une-galere\/\">Emmenez-moi au bout de la Terre (mais je vous pr\u00e9viens c\u2019est une gal\u00e8re)<\/a><\/li>\n<li><a class=\"wp-block-latest-posts__post-title\" href=\"https:\/\/wheelcome.net\/index.php\/2024\/09\/23\/fragments-sur-les-paralympiques\/\">Fragments sur les Paralympiques<\/a><\/li>\n<li><a class=\"wp-block-latest-posts__post-title\" href=\"https:\/\/wheelcome.net\/index.php\/2024\/08\/09\/laccessibilite-est-une-question-de-volonte-politique-la-preuve\/\">L&rsquo;accessibilit\u00e9 est une question de volont\u00e9 politique. La preuve.<\/a><\/li>\n<li><a class=\"wp-block-latest-posts__post-title\" href=\"https:\/\/wheelcome.net\/index.php\/2024\/07\/30\/charlotte-2024-le-bilan\/\">Charlotte 2024 : le bilan de la campagne l\u00e9gislative \ud83d\uddf3\ufe0f<\/a><\/li>\n<li><a class=\"wp-block-latest-posts__post-title\" href=\"https:\/\/wheelcome.net\/index.php\/2024\/06\/17\/le-jour-ou-jai-decide-de-candidater-aux-elections-legislatives\/\">Le jour o\u00f9 j&rsquo;ai d\u00e9cid\u00e9 de candidater aux \u00e9lections l\u00e9gislatives<\/a><\/li>\n<li><a class=\"wp-block-latest-posts__post-title\" href=\"https:\/\/wheelcome.net\/index.php\/2024\/05\/26\/elon-avant-que-tu-memmenes-sur-mars-jaimerais-deja-pouvoir-aller-au-coin-de-la-rue\/\">Elon, avant que tu m&#8217;emm\u00e8nes sur Mars, j&rsquo;aimerais d\u00e9j\u00e0 pouvoir aller au coin de la rue&#8230;<\/a><\/li>\n<li><a class=\"wp-block-latest-posts__post-title\" href=\"https:\/\/wheelcome.net\/index.php\/2024\/04\/06\/ne-dites-pas-a-ma-mere-que-jai-ecrit-un-deuxieme-livre\/\">Ne dites pas \u00e0 ma m\u00e8re que j&rsquo;ai \u00e9crit un deuxi\u00e8me livre<\/a><\/li>\n<li><a class=\"wp-block-latest-posts__post-title\" href=\"https:\/\/wheelcome.net\/index.php\/2024\/02\/05\/lart-de-rajouter-du-handicap-au-handicap\/\">L&rsquo;art de rajouter du handicap au handicap<\/a><\/li>\n<li><a class=\"wp-block-latest-posts__post-title\" href=\"https:\/\/wheelcome.net\/index.php\/2024\/01\/27\/fauteuils-rembourses-a-100-pour-ta-pomme\/\">Fauteuils rembours\u00e9s \u00e0 100% pour ta pomme<\/a><\/li>\n<li><a class=\"wp-block-latest-posts__post-title\" href=\"https:\/\/wheelcome.net\/index.php\/2023\/11\/03\/le-pire-et-le-meilleur-de-lexperience-wheeliz\/\">Le pire et le meilleur de l&rsquo;exp\u00e9rience Wheeliz<\/a><\/li>\n<li><a class=\"wp-block-latest-posts__post-title\" href=\"https:\/\/wheelcome.net\/index.php\/2022\/09\/17\/traitement-a-lhopital-lheure-du-bilan-episode-2\/\">Traitement \u00e0 l\u2019h\u00f4pital : l\u2019heure du bilan \u2013 \u00e9pisode 2<\/a><\/li>\n<li><a class=\"wp-block-latest-posts__post-title\" href=\"https:\/\/wheelcome.net\/index.php\/2022\/07\/28\/traitement-a-lhopital-lheure-du-bilan-episode-1\/\">Traitement \u00e0 l&rsquo;h\u00f4pital : l&rsquo;heure du bilan &#8211; \u00e9pisode 1<\/a><\/li>\n<li><a class=\"wp-block-latest-posts__post-title\" href=\"https:\/\/wheelcome.net\/index.php\/2022\/07\/10\/le-jour-ou-jai-perdu-tout-le-contenu-de-ce-blog\/\">Le jour o\u00f9 j&rsquo;ai perdu tout le contenu de ce blog<\/a><\/li>\n<li><a class=\"wp-block-latest-posts__post-title\" href=\"https:\/\/wheelcome.net\/index.php\/2020\/03\/25\/i-survived-covid-19\/\">I survived Covid-19 !<\/a><\/li>\n<li><a class=\"wp-block-latest-posts__post-title\" href=\"https:\/\/wheelcome.net\/index.php\/2018\/12\/18\/le-jour-ou-jai-decide-de-devenir-un-ogm-pour-peut-etre-guerir\/\">Le jour o\u00f9 j&rsquo;ai d\u00e9cid\u00e9 de devenir un OGM pour peut-\u00eatre gu\u00e9rir<\/a><\/li>\n<li><a class=\"wp-block-latest-posts__post-title\" href=\"https:\/\/wheelcome.net\/index.php\/2018\/09\/29\/marcher-cest-surfait-non-mais-cest-vrai-pourquoi-faire-simple-quand-on-peut-faire-complique\/\">Marcher c\u2019est surfait\u2026 Non mais c\u2019est vrai, pourquoi faire simple quand on peut faire compliqu\u00e9 ?<\/a><\/li>\n<li><a class=\"wp-block-latest-posts__post-title\" href=\"https:\/\/wheelcome.net\/index.php\/2018\/04\/02\/pourquoi-il-ne-faut-pas-caresser-un-chien-dassistance\/\">Pourquoi il ne faut pas caresser un chien d\u2019assistance ?<\/a><\/li>\n<li><a class=\"wp-block-latest-posts__post-title\" href=\"https:\/\/wheelcome.net\/index.php\/2018\/02\/04\/madame-lhandicapee\/\">Madame l\u2019Handicap\u00e9e<\/a><\/li>\n<li><a class=\"wp-block-latest-posts__post-title\" href=\"https:\/\/wheelcome.net\/index.php\/2017\/10\/30\/tomber-en-panne-de-fauteuil-a-6000-km-de-chez-soi-bonne-ou-mauvaise-idee\/\">Tomber en panne de fauteuil \u00e0 6000 km de chez soi : bonne ou mauvaise id\u00e9e ?\ufffc<\/a><\/li>\n<li><a class=\"wp-block-latest-posts__post-title\" href=\"https:\/\/wheelcome.net\/index.php\/2017\/07\/30\/la-fois-ou-je-suis-restee-coincee-a-la-douane-et-ou-mon-fauteuil-a-ete-casse\/\">La fois o\u00f9 je suis rest\u00e9e coinc\u00e9e \u00e0 la douane ! \ud83d\ude30 (et o\u00f9 mon fauteuil a \u00e9t\u00e9 cass\u00e9 \ud83d\ude14)<\/a><\/li>\n<li><a class=\"wp-block-latest-posts__post-title\" href=\"https:\/\/wheelcome.net\/index.php\/2017\/07\/02\/direction-la-reunion-avec-un-fauteuil-et-un-handichien-memepaspeur\/\">Direction la R\u00e9union, avec un fauteuil et un Handichien ! #m\u00eamepaspeur\ufffc<\/a><\/li>\n<li><a class=\"wp-block-latest-posts__post-title\" href=\"https:\/\/wheelcome.net\/index.php\/2017\/06\/18\/vivatech-pourquoi-le-futur-ne-ma-pas-fait-rever\/\">VivaTech : pourquoi le futur ne m\u2019a pas fait r\u00eaver\ufffc<\/a><\/li>\n<li><a class=\"wp-block-latest-posts__post-title\" href=\"https:\/\/wheelcome.net\/index.php\/2016\/11\/13\/voyage-en-soute-direction-miami\/\">Voyage en soute \u2013 direction Miami<\/a><\/li>\n<li><a class=\"wp-block-latest-posts__post-title\" href=\"https:\/\/wheelcome.net\/index.php\/2016\/11\/09\/cest-officiel-le-rer-ne-veut-pas-de-moi\/\">C\u2019est officiel. Le RER ne veut pas de moi.\ufffc<\/a><\/li>\n<li><a class=\"wp-block-latest-posts__post-title\" href=\"https:\/\/wheelcome.net\/index.php\/2016\/10\/09\/je-vais-bien-ne-ten-fais-pas\/\">Je vais bien ne t&rsquo;en fais pas<\/a><\/li>\n<li><a class=\"wp-block-latest-posts__post-title\" href=\"https:\/\/wheelcome.net\/index.php\/2016\/10\/05\/1-an-avec-charlotte-linterview-exclusive-dindia-meilleur-chien-dassistance\/\">1 an avec Charlotte \u2013 L\u2019interview exclusive d\u2019India, meilleur chien d\u2019assistance<\/a><\/li>\n<li><a class=\"wp-block-latest-posts__post-title\" href=\"https:\/\/wheelcome.net\/index.php\/2015\/11\/02\/mon-chien-daveugle-episode-1\/\">Mon chien d\u2019aveugle \u2013 \u00e9pisode 1\ufffc<\/a><\/li>\n<li><a class=\"wp-block-latest-posts__post-title\" href=\"https:\/\/wheelcome.net\/index.php\/2015\/05\/30\/en-france-on-na-pas-de-travail-mais-on-a-des-idees\/\">En France, on n\u2019a pas de travail mais on a des id\u00e9es !\ufffc<\/a><\/li>\n<li><a class=\"wp-block-latest-posts__post-title\" href=\"https:\/\/wheelcome.net\/index.php\/2015\/03\/16\/ne-dites-pas-a-ma-mere-que-je-suis-handicapee-elle-me-croit-trapeziste-dans-un-cirque\/\">Ne dites pas \u00e0 ma m\u00e8re que je suis handicap\u00e9e, elle me croit trap\u00e9ziste dans un cirque !\ufffc<\/a><\/li>\n<li><a class=\"wp-block-latest-posts__post-title\" href=\"https:\/\/wheelcome.net\/index.php\/2015\/03\/03\/mon-trone-de-fer\/\">Mon tr\u00f4ne de fer<\/a><\/li>\n<li><a class=\"wp-block-latest-posts__post-title\" href=\"https:\/\/wheelcome.net\/index.php\/2015\/02\/12\/la-fille-qui-se-faisait-victimiser-par-son-chat\/\">La fille qui se faisait victimiser par son chat\ufffc<\/a><\/li>\n<li><a class=\"wp-block-latest-posts__post-title\" href=\"https:\/\/wheelcome.net\/index.php\/2014\/11\/24\/decouvrez-le-projet-de-startup-inspiree-par-wheelcome-et-participez-a-laventure\/\">D\u00e9couvrez le projet de startup inspir\u00e9e par Wheelcome, et participez \u00e0 l\u2019aventure !<\/a><\/li>\n<li><a class=\"wp-block-latest-posts__post-title\" href=\"https:\/\/wheelcome.net\/index.php\/2014\/10\/19\/votez-pour-wheelcome-aux-golden-blog-awards\/\">Votez pour Wheelcome aux Golden Blog Awards !\ufffc<\/a><\/li>\n<li><a class=\"wp-block-latest-posts__post-title\" href=\"https:\/\/wheelcome.net\/index.php\/2014\/09\/30\/les-joies-les-gens-et-les-lieux-de-ma-nouvelle-vie-dentrepreneur\/\">Les joies \u2013 les gens et les lieux \u2013 de ma nouvelle vie d\u2019entrepreneur\ufffc<\/a><\/li>\n<li><a class=\"wp-block-latest-posts__post-title\" href=\"https:\/\/wheelcome.net\/index.php\/2014\/06\/21\/alerte-grande-nouvelle\/\">Alerte Grande Nouvelle !\ufffc<\/a><\/li>\n<li><a class=\"wp-block-latest-posts__post-title\" href=\"https:\/\/wheelcome.net\/index.php\/2014\/06\/07\/pourquoi-la-france-ne-sera-jamais-accessible\/\">Pourquoi la France ne sera jamais accessible<\/a><\/li>\n<li><a class=\"wp-block-latest-posts__post-title\" href=\"https:\/\/wheelcome.net\/index.php\/2014\/04\/26\/lart-de-voyager-comme-une-valise\/\">L\u2019art de voyager comme une valise\ufffc<\/a><\/li>\n<li><a class=\"wp-block-latest-posts__post-title\" href=\"https:\/\/wheelcome.net\/index.php\/2014\/04\/10\/le-jour-ou-jai-decide-de-vendre-de-la-drogue\/\">Le jour o\u00f9 j\u2019ai d\u00e9cid\u00e9 de vendre de la drogue\ufffc<\/a><\/li>\n<li><a class=\"wp-block-latest-posts__post-title\" href=\"https:\/\/wheelcome.net\/index.php\/2013\/12\/04\/pam-pam-youre-dead\/\">Pam Pam, you\u2019re dead<\/a><\/li>\n<li><a class=\"wp-block-latest-posts__post-title\" href=\"https:\/\/wheelcome.net\/index.php\/2013\/11\/17\/le-demenagement-episode-1\/\">Le d\u00e9m\u00e9nagement \/ Episode 1<\/a><\/li>\n<li><a class=\"wp-block-latest-posts__post-title\" href=\"https:\/\/wheelcome.net\/index.php\/2013\/11\/03\/back-dans-les-bacs\/\">Back dans les bacs<\/a><\/li>\n<li><a class=\"wp-block-latest-posts__post-title\" href=\"https:\/\/wheelcome.net\/index.php\/2013\/09\/10\/wonderful-istanbul-la-ruse-de-la-mosquee\/\">Wonderful Istanbul \u2013 la ruse de la mosqu\u00e9e\ufffc<\/a><\/li>\n<li><a class=\"wp-block-latest-posts__post-title\" href=\"https:\/\/wheelcome.net\/index.php\/2013\/07\/09\/seuil-critique-une-conversation-tout-a-fait-fascinante\/\">Seuil critique \u2013 Une conversation tout \u00e0 fait fascinante<\/a><\/li>\n<li><a class=\"wp-block-latest-posts__post-title\" href=\"https:\/\/wheelcome.net\/index.php\/2013\/06\/29\/pimp-my-chair\/\">Pimp my\u00a0chair<\/a><\/li>\n<li><a class=\"wp-block-latest-posts__post-title\" href=\"https:\/\/wheelcome.net\/index.php\/2013\/05\/24\/je-reviendrai-a-montreal\/\">Je reviendrai \u00e0\u00a0Montr\u00e9al<\/a><\/li>\n<li><a class=\"wp-block-latest-posts__post-title\" href=\"https:\/\/wheelcome.net\/index.php\/2013\/04\/14\/le-fauteuil-qui-rend-fou\/\">Le fauteuil qui rend fou<\/a><\/li>\n<li><a class=\"wp-block-latest-posts__post-title\" href=\"https:\/\/wheelcome.net\/index.php\/2013\/03\/07\/london-calling-oui-cest-un-titre-original-pour-un-article-sur-londres\/\">London calling (oui, c\u2019est un titre original pour un article sur\u00a0Londres)<\/a><\/li>\n<li><a class=\"wp-block-latest-posts__post-title\" href=\"https:\/\/wheelcome.net\/index.php\/2013\/02\/11\/dans-la-famille-de-la-panne-je-demande-le-taxi\/\">Dans la famille de la panne, je demande le\u00a0taxi<\/a><\/li>\n<li><a class=\"wp-block-latest-posts__post-title\" href=\"https:\/\/wheelcome.net\/index.php\/2013\/01\/25\/la-roue-de-linfortune\/\">La roue de\u00a0l\u2019infortune<\/a><\/li>\n<li><a class=\"wp-block-latest-posts__post-title\" href=\"https:\/\/wheelcome.net\/index.php\/2013\/01\/18\/les-pmr-debarquent-a-mykonos-existent-pour-de-vrai\/\">Les PMR d\u00e9barquent \u00e0 Mykonos existent pour de vrai\u00a0!<\/a><\/li>\n<li><a class=\"wp-block-latest-posts__post-title\" href=\"https:\/\/wheelcome.net\/index.php\/2013\/01\/04\/la-terroriste-qui-sommeille-en-moi\/\">La terroriste qui sommeille en\u00a0moi<\/a><\/li>\n<li><a class=\"wp-block-latest-posts__post-title\" href=\"https:\/\/wheelcome.net\/index.php\/2012\/12\/21\/ratp-mon-amour-tout-est-bien-qui-finit-bien\/\">RATP Mon Amour \u2013 Tout est bien qui finit bien<\/a><\/li>\n<li><a class=\"wp-block-latest-posts__post-title\" href=\"https:\/\/wheelcome.net\/index.php\/2012\/12\/04\/le-genie-du-zenith\/\">Le g\u00e9nie du Z\u00e9nith<\/a><\/li>\n<li><a class=\"wp-block-latest-posts__post-title\" href=\"https:\/\/wheelcome.net\/index.php\/2012\/11\/29\/le-stage-ideal\/\">Le stage id\u00e9al<\/a><\/li>\n<li><a class=\"wp-block-latest-posts__post-title\" href=\"https:\/\/wheelcome.net\/index.php\/2012\/11\/25\/mission-infiltration-au-pays-des-grous-tatoues\/\">Mission infiltration au pays des gros tatou\u00e9s<\/a><\/li>\n<li><a class=\"wp-block-latest-posts__post-title\" href=\"https:\/\/wheelcome.net\/index.php\/2012\/11\/22\/les-pmr-debarquent-a-mykonos\/\">Les PMR d\u00e9barquent \u00e0 Mykonos<\/a><\/li>\n<li><a class=\"wp-block-latest-posts__post-title\" href=\"https:\/\/wheelcome.net\/index.php\/2012\/11\/18\/le-coup-de-la-panne-one-night-in-chacha\/\">Le coup de la panne \/ One night in\u00a0Chacha<\/a><\/li>\n<li><a class=\"wp-block-latest-posts__post-title\" href=\"https:\/\/wheelcome.net\/index.php\/2012\/11\/16\/dis-maman-pourquoi-la-dame-elle-a-une-batmobile\/\">Dis Maman, pourquoi la dame elle a une Batmobile ?<\/a><\/li>\n<li><a class=\"wp-block-latest-posts__post-title\" href=\"https:\/\/wheelcome.net\/index.php\/2012\/11\/14\/ratp-mon-amour-2-apres-le-rer-jai-voulu-essayer-le-bus\/\">RATP mon amour 2 &#8211; apr\u00e8s le RER j&rsquo;ai voulu essayer le bus<\/a><\/li>\n<li><a class=\"wp-block-latest-posts__post-title\" href=\"https:\/\/wheelcome.net\/index.php\/2012\/11\/12\/ratp-mon-amour-ou-le-calvaire-du-rer\/\">RATP mon amour &#8211; ou le calvaire du RER<\/a><\/li>\n<li><a class=\"wp-block-latest-posts__post-title\" href=\"https:\/\/wheelcome.net\/index.php\/2012\/11\/11\/c2c-a-lolympia-larnaque-des-places-pmr\/\">C2C \u00e0 l\u2019Olympia &#8211; l&rsquo;arnaque des places PMR<\/a><\/li>\n<li><a class=\"wp-block-latest-posts__post-title\" href=\"https:\/\/wheelcome.net\/index.php\/2012\/11\/11\/russie-moscou\/\">Russie \u2013 Moscou<\/a><\/li>\n<li><a class=\"wp-block-latest-posts__post-title\" href=\"https:\/\/wheelcome.net\/index.php\/2012\/11\/11\/russie-saint-petersbourg\/\">Russie \u2013 Saint Petersbourg<\/a><\/li>\n<\/ul>","protected":false},"excerpt":{"rendered":"","protected":false},"author":2,"featured_media":0,"parent":0,"menu_order":0,"comment_status":"closed","ping_status":"closed","template":"","meta":{"footnotes":""},"class_list":["post-384","page","type-page","status-publish","hentry"],"yoast_head":"<!-- This site is optimized with the Yoast SEO plugin v26.6 - https:\/\/yoast.com\/wordpress\/plugins\/seo\/ -->\n<title>Tous les articles - Wheelcome<\/title>\n<meta name=\"robots\" content=\"index, follow, max-snippet:-1, max-image-preview:large, max-video-preview:-1\" \/>\n<link rel=\"canonical\" href=\"https:\/\/wheelcome.net\/index.php\/tous-les-articles\/\" \/>\n<meta property=\"og:locale\" content=\"fr_FR\" \/>\n<meta property=\"og:type\" content=\"article\" \/>\n<meta property=\"og:title\" content=\"Tous les articles - Wheelcome\" \/>\n<meta property=\"og:url\" content=\"https:\/\/wheelcome.net\/index.php\/tous-les-articles\/\" \/>\n<meta property=\"og:site_name\" content=\"Wheelcome\" \/>\n<meta property=\"article:modified_time\" content=\"2025-12-13T09:47:42+00:00\" \/>\n<meta name=\"twitter:card\" content=\"summary_large_image\" \/>\n<script type=\"application\/ld+json\" class=\"yoast-schema-graph\">{\"@context\":\"https:\/\/schema.org\",\"@graph\":[{\"@type\":\"WebPage\",\"@id\":\"https:\/\/wheelcome.net\/index.php\/tous-les-articles\/\",\"url\":\"https:\/\/wheelcome.net\/index.php\/tous-les-articles\/\",\"name\":\"Tous les articles - Wheelcome\",\"isPartOf\":{\"@id\":\"https:\/\/wheelcome.net\/#website\"},\"datePublished\":\"2023-11-04T09:18:31+00:00\",\"dateModified\":\"2025-12-13T09:47:42+00:00\",\"breadcrumb\":{\"@id\":\"https:\/\/wheelcome.net\/index.php\/tous-les-articles\/#breadcrumb\"},\"inLanguage\":\"fr-FR\",\"potentialAction\":[{\"@type\":\"ReadAction\",\"target\":[\"https:\/\/wheelcome.net\/index.php\/tous-les-articles\/\"]}]},{\"@type\":\"BreadcrumbList\",\"@id\":\"https:\/\/wheelcome.net\/index.php\/tous-les-articles\/#breadcrumb\",\"itemListElement\":[{\"@type\":\"ListItem\",\"position\":1,\"name\":\"Accueil\",\"item\":\"https:\/\/wheelcome.net\/\"},{\"@type\":\"ListItem\",\"position\":2,\"name\":\"Tous les articles\"}]},{\"@type\":\"WebSite\",\"@id\":\"https:\/\/wheelcome.net\/#website\",\"url\":\"https:\/\/wheelcome.net\/\",\"name\":\"Wheelcome\",\"description\":\"Les aventures de Charlotte de Vilmorin - une femme debout bien assise.\",\"publisher\":{\"@id\":\"https:\/\/wheelcome.net\/#organization\"},\"potentialAction\":[{\"@type\":\"SearchAction\",\"target\":{\"@type\":\"EntryPoint\",\"urlTemplate\":\"https:\/\/wheelcome.net\/?s={search_term_string}\"},\"query-input\":{\"@type\":\"PropertyValueSpecification\",\"valueRequired\":true,\"valueName\":\"search_term_string\"}}],\"inLanguage\":\"fr-FR\"},{\"@type\":\"Organization\",\"@id\":\"https:\/\/wheelcome.net\/#organization\",\"name\":\"Wheelcome\",\"url\":\"https:\/\/wheelcome.net\/\",\"logo\":{\"@type\":\"ImageObject\",\"inLanguage\":\"fr-FR\",\"@id\":\"https:\/\/wheelcome.net\/#\/schema\/logo\/image\/\",\"url\":\"https:\/\/wheelcome.net\/wp-content\/uploads\/2022\/07\/cropped-logo-wheelcome-1.png\",\"contentUrl\":\"https:\/\/wheelcome.net\/wp-content\/uploads\/2022\/07\/cropped-logo-wheelcome-1.png\",\"width\":1080,\"height\":1080,\"caption\":\"Wheelcome\"},\"image\":{\"@id\":\"https:\/\/wheelcome.net\/#\/schema\/logo\/image\/\"}}]}<\/script>\n<!-- \/ Yoast SEO plugin. -->","yoast_head_json":{"title":"Tous les articles - Wheelcome","robots":{"index":"index","follow":"follow","max-snippet":"max-snippet:-1","max-image-preview":"max-image-preview:large","max-video-preview":"max-video-preview:-1"},"canonical":"https:\/\/wheelcome.net\/index.php\/tous-les-articles\/","og_locale":"fr_FR","og_type":"article","og_title":"Tous les articles - Wheelcome","og_url":"https:\/\/wheelcome.net\/index.php\/tous-les-articles\/","og_site_name":"Wheelcome","article_modified_time":"2025-12-13T09:47:42+00:00","twitter_card":"summary_large_image","schema":{"@context":"https:\/\/schema.org","@graph":[{"@type":"WebPage","@id":"https:\/\/wheelcome.net\/index.php\/tous-les-articles\/","url":"https:\/\/wheelcome.net\/index.php\/tous-les-articles\/","name":"Tous les articles - Wheelcome","isPartOf":{"@id":"https:\/\/wheelcome.net\/#website"},"datePublished":"2023-11-04T09:18:31+00:00","dateModified":"2025-12-13T09:47:42+00:00","breadcrumb":{"@id":"https:\/\/wheelcome.net\/index.php\/tous-les-articles\/#breadcrumb"},"inLanguage":"fr-FR","potentialAction":[{"@type":"ReadAction","target":["https:\/\/wheelcome.net\/index.php\/tous-les-articles\/"]}]},{"@type":"BreadcrumbList","@id":"https:\/\/wheelcome.net\/index.php\/tous-les-articles\/#breadcrumb","itemListElement":[{"@type":"ListItem","position":1,"name":"Accueil","item":"https:\/\/wheelcome.net\/"},{"@type":"ListItem","position":2,"name":"Tous les articles"}]},{"@type":"WebSite","@id":"https:\/\/wheelcome.net\/#website","url":"https:\/\/wheelcome.net\/","name":"Wheelcome","description":"Les aventures de Charlotte de Vilmorin - une femme debout bien assise.","publisher":{"@id":"https:\/\/wheelcome.net\/#organization"},"potentialAction":[{"@type":"SearchAction","target":{"@type":"EntryPoint","urlTemplate":"https:\/\/wheelcome.net\/?s={search_term_string}"},"query-input":{"@type":"PropertyValueSpecification","valueRequired":true,"valueName":"search_term_string"}}],"inLanguage":"fr-FR"},{"@type":"Organization","@id":"https:\/\/wheelcome.net\/#organization","name":"Wheelcome","url":"https:\/\/wheelcome.net\/","logo":{"@type":"ImageObject","inLanguage":"fr-FR","@id":"https:\/\/wheelcome.net\/#\/schema\/logo\/image\/","url":"https:\/\/wheelcome.net\/wp-content\/uploads\/2022\/07\/cropped-logo-wheelcome-1.png","contentUrl":"https:\/\/wheelcome.net\/wp-content\/uploads\/2022\/07\/cropped-logo-wheelcome-1.png","width":1080,"height":1080,"caption":"Wheelcome"},"image":{"@id":"https:\/\/wheelcome.net\/#\/schema\/logo\/image\/"}}]}},"_links":{"self":[{"href":"https:\/\/wheelcome.net\/index.php\/wp-json\/wp\/v2\/pages\/384","targetHints":{"allow":["GET"]}}],"collection":[{"href":"https:\/\/wheelcome.net\/index.php\/wp-json\/wp\/v2\/pages"}],"about":[{"href":"https:\/\/wheelcome.net\/index.php\/wp-json\/wp\/v2\/types\/page"}],"author":[{"embeddable":true,"href":"https:\/\/wheelcome.net\/index.php\/wp-json\/wp\/v2\/users\/2"}],"replies":[{"embeddable":true,"href":"https:\/\/wheelcome.net\/index.php\/wp-json\/wp\/v2\/comments?post=384"}],"version-history":[{"count":2,"href":"https:\/\/wheelcome.net\/index.php\/wp-json\/wp\/v2\/pages\/384\/revisions"}],"predecessor-version":[{"id":394,"href":"https:\/\/wheelcome.net\/index.php\/wp-json\/wp\/v2\/pages\/384\/revisions\/394"}],"wp:attachment":[{"href":"https:\/\/wheelcome.net\/index.php\/wp-json\/wp\/v2\/media?parent=384"}],"curies":[{"name":"wp","href":"https:\/\/api.w.org\/{rel}","templated":true}]}}